.
192
What is the remainder when 889 is divided by 887?
2
What is the remainder when 193 is divided by 14?
11
Calculate the remainder when 84 is divided by 18.
12
Calculate the remainder when 702 is divided by 683.
19
Calculate the remainder when 2448 is divided by 19.
16
Calculate the remainder when 4183 is divided by 349.
344
What is the remainder when 3215 is divided by 16?
15
Calculate the remainder when 1753 is divided by 13.
11
What is the remainder when 110 is divided by 33?
11
Calculate the remainder when 1036 is divided by 79.
9
Calculate the remainder when 187 is divided by 184.
3
Calculate the remainder when 130 is divided by 48.
34
Calculate the remainder when 966 is divided by 320.
6
What is the remainder when 65 is divided by 14?
9
Calculate the remainder when 184 is divided by 63.
58
What is the remainder when 5598 is divided by 200?
198
Calculate the remainder when 1127 is divided by 4.
3
Calculate the remainder when 272 is divided by 176.
96
Calculate the remainder when 97 is divided by 96.
1
What is the remainder when 334 is divided by 153?
28
Calculate the remainder when 5798 is divided by 90.
38
What is the remainder when 1725 is divided by 215?
5
What is the remainder when 1286 is divided by 162?
152
Calculate the remainder when 2039 is divided by 40.
39
What is the remainder when 168 is divided by 58?
52
Calculate the remainder when 47 is divided by 26.
21
What is the remainder when 742 is divided by 659?
83
What is the remainder when 576 is divided by 144?
0
Calculate the remainder when 147 is divided by 50.
47
Calculate the remainder when 761 is divided by 93.
17
Calculate the remainder when 96 is divided by 77.
19
What is the remainder when 197 is divided by 99?
98
Calculate the remainder when 46 is divided by 40.
6
What is the remainder when 212 is divided by 71?
70
Calculate the remainder when 723 is divided by 25.
23
Calculate the remainder when 217 is divided by 52.
9
Calculate the remainder when 479 is divided by 54.
47
What is the remainder when 379 is divided by 99?
82
Calculate the remainder when 84 is divided by 30.
24
Calculate the remainder when 601 is divided by 61.
52
Calculate the remainder when 190 is divided by 33.
25
What is the remainder when 2937 is divided by 60?
57
What is the remainder when 9673 is divided by 75?
73
What is the remainder when 249 is divided by 85?
79
Calculate the remainder when 236 is divided by 23.
6
What is the remainder when 1049 is divided by 15?
14
Calculate the remainder when 239 is divided by 10.
9
What is the remainder when 57 is divided by 10?
7
Calculate the remainder when 138 is divided by 125.
13
Calculate the remainder when 47 is divided by 21.
5
What is the remainder when 3430 is divided by 67?
13
What is the remainder when 2027 is divided by 122?
75
Calculate the remainder when 178 is divided by 20.
18
What is the remainder when 457 is divided by 17?
15
Calculate the remainder when 1791 is divided by 11.
9
Calculate the remainder when 143 is divided by 19.
10
Calculate the remainder when 908 is divided by 14.
12
What is the remainder when 6907 is divided by 22?
21
What is the remainder when 272 is divided by 13?
12
Calculate the remainder when 1243 is divided by 8.
3
What is the remainder when 116 is divided by 21?
11
What is the remainder when 189 is divided by 102?
87
What is the remainder when 100 is divided by 21?
16
Calculate the remainder when 2989 is divided by 497.
7
What is the remainder when 170 is divided by 44?
38
Calculate the remainder when 1226 is divided by 137.
130
What is the remainder when 578 is divided by 2?
0
What is the remainder when 342 is divided by 329?
13
Calculate the remainder when 43 is divided by 2.
1
Calculate the remainder when 115 is divided by 58.
57
What is the remainder when 935 is divided by 179?
40
Calculate the remainder when 75 is divided by 26.
23
What is the remainder when 1047 is divided by 204?
27
What is the remainder when 3534 is divided by 58?
54
What is the remainder when 1307 is divided by 77?
75
Calculate the remainder when 2528 is divided by 15.
8
Calculate the remainder when 9 is divided by 5.
4
Calculate the remainder when 3794 is divided by 50.
44
What is the remainder when 2619 is divided by 14?
1
Calculate the remainder when 4194 is divided by 2086.
22
What is the remainder when 576 is divided by 83?
78
What is the remainder when 267 is divided by 58?
35
What is the remainder when 117 is divided by 107?
10
What is the remainder when 2089 is divided by 430?
369
What is the remainder when 10789 is divided by 99?
97
Calculate the remainder when 3114 is divided by 48.
42
What is the remainder when 868 is divided by 32?
4
Calculate the remainder when 323 is divided by 108.
107
Calculate the remainder when 3502 is divided by 13.
5
What is the remainder when 3598 is divided by 6?
4
Calculate the remainder when 82 is divided by 11.
5
Calculate the remainder when 924 is divided by 504.
420
What is the remainder when 141 is divided by 23?
3
Calculate the remainder when 4874 is divided by 1214.
18
What is the remainder when 655 is divided by 94?
91
What is the remainder when 1403 is divided by 691?
21
Calculate the remainder when 568 is divided by 5.
3
What is the remainder when 384 is divided by 132?
120
Calculate the remainder when 927 is divided by 16.
15
What is the remainder when 226 is divided by 29?
23
What is the remainder when 16 is divided by 6?
4
Calculate the remainder when 278 is divided by 91.
5
What is the remainder when 1778 is divided by 29?
9
Calculate the remainder when 360 is divided by 173.
14
What is the remainder when 290 is divided by 100?
90
What is the remainder when 332 is divided by 54?
8
What is the remainder when 188 is divided by 155?
33
What is the remainder when 10 is divided by 2?
0
What is the remainder when 393 is divided by 126?
15
What is the remainder when 201 is divided by 68?
65
Calculate the remainder when 364 is divided by 5.
4
What is the remainder when 344 is divided by 59?
49
What is the remainder when 131 is divided by 122?
9
What is the remainder when 1198 is divided by 14?
8
What is the remainder when 874 is divided by 33?
16
What is the remainder when 71 is divided by 40?
31
Calculate the remainder when 103 is divided by 15.
13
Calculate the remainder when 1090 is divided by 230.
170
What is the remainder when 81 is divided by 7?
4
What is the remainder when 158 is divided by 16?
14
What is the remainder when 175 is divided by 131?
44
What is the remainder when 185 is divided by 47?
44
What is the remainder when 165 is divided by 17?
12
Calculate the remainder when 274 is divided by 19.
8
What is the remainder when 2334 is divided by 38?
16
Calculate the remainder when 724 is divided by 21.
10
Calculate the remainder when 480 is divided by 118.
8
Calculate the remainder when 218 is divided by 74.
70
What is the remainder when 16860 is divided by 136?
132
What is the remainder when 136 is divided by 44?
4
What is the remainder when 556 is divided by 184?
4
What is the remainder when 851 is divided by 198?
59
What is the remainder when 202 is divided by 18?
4
Calculate the remainder when 103 is divided by 26.
25
What is the remainder when 379 is divided by 17?
5
What is the remainder when 21503 is divided by 96?
95
What is the remainder when 774 is divided by 155?
154
What is the remainder when 1537 is divided by 55?
52
What is the remainder when 810 is divided by 29?
27
Calculate the remainder when 95 is divided by 40.
15
What is the remainder when 83 is divided by 31?
21
Calculate the remainder when 51 is divided by 40.
11
Calculate the remainder when 114 is divided by 32.
18
What is the remainder when 5750 is divided by 37?
15
Calculate the remainder when 55 is divided by 15.
10
What is the remainder when 509 is divided by 73?
71
What is the remainder when 36 is divided by 20?
16
Calculate the remainder when 22 is divided by 2.
0
Calculate the remainder when 248 is divided by 82.
2
What is the remainder when 567 is divided by 114?
111
Calculate the remainder when 82 is divided by 45.
37
Calculate the remainder when 436 is divided by 141.
13
Calculate the remainder when 2929 is divided by 75.
4
Calculate the remainder when 1354 is divided by 113.
111
Calculate the 